eds digit of a?
1
Let f(p) = 82*p**2 + p. Suppose 0*z + 5*z + 4*a = -21, -z + 5*a = -19. What is the units digit of f(z)?
1
Let s(o) = -6*o - 14. Let k be s(-4). Suppose 0 = k*i - 5*i. Suppose i = 5*l - 135 + 50. What is the units digit of l?
7
Let d = -2042 + 5127. What is the units digit of d?
5
Let n(o) = -13*o. Let t = -7 + 12. Suppose -4*a + 3*a = -t, 17 = 4*m + 5*a. What is the units digit of n(m)?
6
Suppose 4*a - 5*n = 82, 3*a - a + 5*n = 26. Suppose q + a = 4*q. What is the units digit of q?
6
Let x = -38 + 40. What is the tens digit of 2 + -4 - -38 - (-6)/x?
3
Suppose 4*q + 6 + 15 = 5*z, 5*q = -3*z + 20. Suppose -3*o + 2 = -2*o. Suppose -4*m - i - o*i = -117, 0 = -3*m + z*i + 95. What is the units digit of m?
0
Suppose 4*j - 24 = -4*m + 2*j, 3*j = -6. Suppose -m*k + 221 = -297. What is the tens digit of k?
7
Suppose -5*k = 5*s - 10, 0 = -s + 5*k - 0 - 4. Let h(m) = 25*m**3 + 1 - m**2 - m**2 - 8*m**3. What is the tens digit of h(s)?
1
What is the thousands digit of (-1 + -2)*(-147264)/234?
1
Suppose -2*q + 18 = -4*o - o, 0 = -3*q + 3*o + 9. What is the hundreds digit of (0 - 3)*-39 + 1 + q?
1
Let x be (42/(-15))/(-1)*45. Suppose f = -5*a + 3*a - 39, -4*f = -2*a + x. What is the tens digit of ((-39)/2)/(f/44)?
2
Suppose -6*v = a - v - 116, 0 = -3*v + 15. What is the tens digit of a?
9
Let r(z) = z**3 - 22*z**2 + 2*z - 41. Let l be r(22). Suppose l*k - 635 - 256 = 0. What is the units digit of k?
7
Let j(f) = 2*f**3 - 2*f**2 + 3*f - 4. Suppose -2*s + 3 = -2*o - 3, 2*s + 5*o + 1 = 0. Suppose 0 = 4*v - s*v - 6. What is the tens digit of j(v)?
4
Let k(p) = 54*p**2 - 6. What is the hundreds digit of k(-3)?
4
What is the tens digit of ((-225)/18 + 9)*(-7396)/14?
4
Suppose 0 = -5*z + 4*b + 72, b + 57 = 4*z - 2*b. Let f be 177/12 - 9/z. Let x = f - -36. What is the tens digit of x?
5
Suppose 6*i = 317 + 103. Let h be 1 + 4/1 - 2. Suppose y + s + 51 = h*y, 0 = 3*y + 5*s - i. What is the units digit of y?
5
Suppose 2*o = 5*o - 6. Suppose -17 - 33 = -o*c. Suppose 0 = g - 2*g + c. What is the units digit of g?
5
Suppose p - 5 = 0, -6*p + 39 = 2*i - p. Let c = i + -5. What is the tens digit of 15/(2 - (c + -1))?
1
Suppose 0*y = -h - 3*y + 29, 0 = 3*h - 4*y - 22. Let q(z) = z - 5*z - 1 + 7*z. What is the tens digit of q(h)?
4
Suppose u - 4*u = 2*b - 525, -2*b + 522 = 4*u. What is the units digit of b?
7
Let v be (-120)/(-21) - (-2)/7. Let l(g) = -4*g**2 - 15*g - 6*g**2 + 13*g**2. What is the units digit of l(v)?
8
Suppose -13 = -4*i + 4*s + s, 5*i - 4*s = 14. Let b(y) = 3*y**2 - 82 + 162 + y**2 - 81. What is the tens digit of b(i)?
1
Let c(f) be the second derivative of f**4/12 + f**3/2 + f**2/2 + f. Suppose -15 = -7*n + 12*n. What is the units digit of c(n)?
1
Let i be (-2 - (-107)/3)*6/2. Let g = i + -48. What is the tens digit of g?
5
Let p be ((-179 + 5)/2)/((-3)/(-4)). Let x = 242 + p. What is the units digit of x?
6
Suppose 2*y - 3*m - 2*m - 561 = 0, -4*y + 2*m = -1146. Let u be 1/(-5) + y/40. Suppose -u*t + 2 = -12. What is the units digit of t?
2
Suppose 50*l - 7530 = 44*l. What is the hundreds digit of l?
2
Let g(p) = -10*p + 3. Let q(i) = -i**3 - 12*i**2 + 14*i + 10. Let f be q(-13). What is the tens digit of g(f)?
3
What is the hundreds digit of (-40)/12*15*(-742)/28?
3
Let c(z) be the second derivative of -z**4/12 - 3*z**3/2 - 4*z. Let r = 0 - 7. What is the units digit of c(r)?
4
Suppose i + 4*m + 1 = -9, -5*i + 3*m - 96 = 0. Let t be (-102)/(-4) + 9/i. What is the tens digit of t + 0/(-3 + 6)?
2
Suppose 775 = d - 5*k, 4624 = 3*d + 3*d - 4*k. What is the units digit of d?
0
Suppose 12*a - 64*a = -1144. What is the units digit of a?
2
What is the tens digit of 1450*((-90)/12 + 8)?
2
Let w = 6 + -3. Suppose w*b = 9*b - 294. What is the units digit of b?
9
Let k = 25 - 25. Suppose 2*l - 207 = -b - l, -4*b - 5*l + 856 = k. What is the units digit of b?
9
Suppose 0*r - 3*r = -4*n + 537, -2*r - 404 = -3*n. Suppose 227 = 5*p - n. What is the tens digit of p?
7
Let a = 26 + -17. Let i(b) = b**2 - 6*b - 1. Let c be i(a). Let s = 43 - c. What is the units digit of s?
7
Let f(o) = 3*o + 3*o - o + 0*o - 3*o**2 - o**3 + 6. What is the tens digit of f(-5)?
3
Suppose 0*z + 4*z + a = 128, -z + 5*a + 53 = 0. Suppose -4*t = z + 19. Let c = 21 + t. What is the units digit of c?
8
Let g be (5 + 38/(-10))*(-10)/(-4). Suppose 0 = -c - g*h + 230, 3*h + 1298 = 5*c + 184. What is the tens digit of c?
2
Suppose 3*v + 11*t - 8*t - 2871 = 0, -4797 = -5*v + t. What is the hundreds digit of v?
9
Suppose 2*i - 21 = -i. Let z be i/2 + 4/(-8). Suppose -9 = o - 3*x, z*o - 2*x = 7 + 1. What is the units digit of o?
6
Suppose -11*r + 469 + 1258 = 0. Let m = -57 + r. What is the hundreds digit of m?
1
Suppose -2*b + 5 = -k, 4 = 2*k - b + 2. Let n be ((-26)/k)/((-4)/(-30)). What is the tens digit of 610/4*(-26)/n?
6
Let n be 7/3 + (-16)/48. Suppose 0 = -n*d - 4*d - 6. What is the units digit of ((-16)/(-6))/(d/(-12))?
2
Let h(x) = -55*x**3 + 7*x**2 + 9*x + 13. What is the tens digit of h(-3)?
3
Let k = 1753 + -521. What is the thousands digit of k?
1
Let z(h) = -h**3 + 7*h**2 - h + 3. Let y be (2/(-4))/(6/(-84)). Let w be z(y). Let i(c) = -2*c + 4. What is the units digit of i(w)?
2
Let i(t) = 11*t**3 - 14 + 2 + 11*t**2 + 11*t - 10*t**3. Let j be i(-9). Suppose -3*c + 0*c + j = 0. What is the units digit of c?
7
Let b(m) = 185*m - 1228. What is the thousands digit of b(13)?
1
Suppose -5*k = 109 + 76. Let y = 54 + k. What is the units digit of y?
7
What is the tens digit of (-63)/12 + (-3)/(-12) - -270?
6
Let s = -414 - -539. What is the hundreds digit of s?
1
Let v(j) = -30*j - 2. Let n be v(4). Let l be n/(-12) + 4/(-24). Let i = l - -16. What is the units digit of i?
6
Let h = 546 - 192. Suppose -4*k - 3*j + 6*j + 472 = 0, -h = -3*k + 2*j. What is the hundreds digit of k?
1
What is the units digit of -4 - -6*(5 + (-512)/(-6))?
8
Let o(s) = -s**2 - 7*s - 4. Let v be (-29)/5 - (-7)/(-35). Let a be o(v). Suppose -a*x = -4*x + 82. What is the units digit of x?
1
Let o(j) = j + 11. Let h = -6 - 2. Let x be o(h). Suppose -4*w + x + 101 = 0. What is the tens digit of w?
2
Let q be (-110)/(-60) + 1/6. Suppose -3*b + q*b = -62. What is the units digit of b?
2
Suppose 2*d - 10 = 0, -2*d = 3*w - 919 - 2478. What is the tens digit of w?
2
Suppose y - 11 = 95. Suppose -6*f - 146 = y. What is the units digit of (-28)/f + 50/6?
9
Suppose -6*t + 2*t = 16, 5*t = -2*g + 1490. What is the hundreds digit of g?
7
Let n(o) = 31*o**2 - 3*o + 5. Let t be n(2). Suppose -5*k = -2*m + t, -3*m + 3*k + 225 = m. What is the tens digit of m?
5
Let o(a) = a**2 - 14*a - 15. What is the hundreds digit of o(-15)?
4
Suppose 4753 = -94*c + 101*c. What is the hundreds digit of c?
6
Let h = 4909 + -2536. What is the tens digit of h?
7
Let w(u) = -u**3 + 13*u**2 - 16*u - 2. Let i be w(12). Let x be 1/(-5) - 210/i. Suppose -t + x*t - 198 = 0. What is the units digit of t?
6
Suppose 0 = -62*m + 65*m - 828. What is the tens digit of m?
7
Suppose -8*g = -7*g + 4*o - 719, -2*o = 4*g - 2932. What is the units digit of g?
5
Suppose 2588 = 2*o - 4*c, o + c - 825 - 475 = 0. What is the thousands digit of o?
1
Let f(p) = 52*p**2 + 1. Let z be f(-1). Let w = z - 11. What is the tens digit of w?
4
Let t(w) = -w**3 + 6*w**2 - 2*w + 14. Suppose 5*o = 4*z - 24, 7*z - 24 = 3*z - 2*o. Let m be t(z). What is the tens digit of ((-16)/12)/(m/(-81))?
5
Let t(j) = -4*j - 39. Let z be t(-10). What is the tens digit of (29/4)/(z*(-3)/(-36))?
8
Let m(w) = 0 + 33*w + 3*w + 3 + 9*w. Let n be m(-7). What is the units digit of (-1)/5 - n/10?
1
Let x(j) = j**2 - j - 4. Let w be x(-2). Suppose 4*m - 8 = 0, w*a = -m + 4*m - 72. Let z = a + 91. What is the units digit of z?
8
Suppose 5*u - 5*o - 40 = -0*o, 5*u - 4*o = 40. Suppose -u = y - 2. Let m = y - -22. What is the tens digit of m?
1
Let s be (-135)/(-75) + -1 + 6/5. Suppose -s*t - 8 + 38 = 0. What is the tens digit of t?
1
Let g = 24 + -24. Suppose g = -5*q - 0*q + 60. What is the tens digit of (-64)/q*(-45)/10?
2
Let r(m) be the first derivative of 5*m**3/3 + m**2 + 9*m - 50. What is the hundreds digit of r(-5)?
1
Suppose -h - y + 406 = 4*y, h + 3*y = 416. Suppose 2*l - 5*g - h = -l, 0 = -4*l - g + 613. What is the hundreds digit of l?
1
Let c = -2376 + 4268. What is the units digit